2378 = 2*l - n - 2*n. Suppose 8 = 4*r - 12, 2*i - 2*r = l. What are the prime factors of i?
601
What are the prime factors of (-4)/(-18) - 19674676/(-1332)?
14771
Suppose 5113 = -2*s - 4*i + 43425, 0 = 2*s + 3*i - 38312. List the prime factors of s.
2, 4789
Suppose 75*u - 83*u = 1512. Let q = 316 + u. List the prime factors of q.
127
Suppose 0 = 6*l + 2*l - 16. Let v be (7/(-7 + 6))/(l/(-100)). Suppose 3*j + 27 - v = 2*k, 113 = j - 2*k. What are the prime factors of j?
3, 5, 7
Suppose 3*c - 13678 = -2602. Suppose -11*p + c = 2*p. What are the prime factors of p?
2, 71
Suppose 0 = 12*a - 1410 + 16998. Let x = a - -1986. List the prime factors of x.
3, 229
Let k be ((-1100)/75)/(2 - (-7)/(-3)). Suppose 0 = 3*t + 4*n - 296 + k, 0 = -5*t - 4*n + 428. What are the prime factors of t?
2, 11
Let q(d) = -2*d - 13. Let h be q(-35). Suppose 0 = -h*u + 43*u + 10962. List the prime factors of u.
3, 29
Suppose 74289 = 2*z + 3*m, 509*m + 37137 = z + 508*m. What are the prime factors of z?
2, 3, 5, 619
Suppose -81471 = -3*j + 3*t, -27133 = -359*j + 358*j - 2*t. What are the prime factors of j?
17, 1597
Let h(n) = -1027*n - 2953. List the prime factors of h(-75).
2, 47, 197
Suppose -2*j + 26 = -28*j. What are the prime factors of j + 647 + (-76)/19?
2, 3, 107
Suppose -6*r + 11*r - 380720 = -5*r. What are the prime factors of r?
2, 4759
Let v = 38 + -12. Let r = v - -48. Let d = r + 28. What are the prime factors of d?
2, 3, 17
Suppose 272 = 4*i + 252. Suppose -i*y = -2441 + 836. List the prime factors of y.
3, 107
Suppose -21 = 5*q + 2*k, 4*q + 32*k = 31*k - 15. Let a(g) = -24*g + 22 - 12 + 17. What are the prime factors of a(q)?
3, 11
Suppose -2*r + 5*n = -4805, -n = -81 + 82. List the prime factors of r.
2, 3, 5
Let z = -3 + 0. Let w(l) = -21*l**3 - 3*l**2 + 3*l + 8. What are the prime factors of w(z)?
7, 11
Let o(c) = -3*c + 0 + 0 + 25*c - 21*c + 104*c**3 - 2*c**2. Let i(u) = u - 2. Let k be i(3). List the prime factors of o(k).
103
Let a = 445 + -1164. Let c = -492 - a. Let n = -113 + c. What are the prime factors of n?
2, 3, 19
Suppose 4*t = -5*m - 6, -3*m + 5 + 13 = -3*t. List the prime factors of 21/m*(-1250)/(-75).
5, 7
What are the prime factors of 6884 + -2 + (-24)/6*-1?
2, 11, 313
Suppose 0 = -7*h - 4*h - 88. Let t(q) = q**2 + 6*q + 13. Let j be t(h). Let y = j - -13. What are the prime factors of y?
2, 3, 7
Let h = -7757 + 15842. What are the prime factors of h?
3, 5, 7, 11
Let q = -28 - -243. Let k(m) = -16*m**2 + 2*m + 31. Let t be k(3). Let j = t + q. List the prime factors of j.
2, 3
Let d(f) be the second derivative of 17*f**3/3 + 245*f**2/2 - 2*f - 42. What are the prime factors of d(21)?
7, 137
What are the prime factors of ((-412)/(-60) - 7 - (-82804)/30) + -7?
2753
Let b(p) = 0*p**3 - 22*p - 32 - 6*p + p**3 - 12*p**2 + 4*p. Let g be b(14). Let h = 54 - g. What are the prime factors of h?
2, 3, 5
Suppose -7*b = -8857 - 89. Let n = -323 + b. List the prime factors of n.
5, 191
Let p(z) = z + 19. Let v be p(5). Let q be (-6)/v + ((-3)/4)/(-3). Suppose 38*m - 42*m + 256 = q. What are the prime factors of m?
2
Let m = 19219 - 11511. List the prime factors of m.
2, 41, 47
What are the prime factors of (-3)/(-4)*3538/87*358?
61, 179
Suppose m + 24*m + 25 = 0. Let a(j) = -759*j + 16. List the prime factors of a(m).
5, 31
Let l be (-6 - 118)/(2/(-19)). Let q = l + -645. List the prime factors of q.
13, 41
Suppose -4*z + 319058 = 3*b, -706*b + 239274 = 3*z - 707*b. List the prime factors of z.
2, 5, 997
Suppose 14*l - 100 = 16*l. Let d = 13 - l. Suppose d = u + 20. What are the prime factors of u?
43
Suppose -4*p - 3*r + 6 = p, -3*p + 5*r - 10 = 0. Suppose 0 = -6*x + 8*x + 4*s - 3096, p = 4*x - 4*s - 6180. List the prime factors of x.
2, 773
Suppose -3*r + 17 = -0*z + 2*z, 22 = 3*r + z. Let w(v) = 123*v - 129. What are the prime factors of w(r)?
2, 3, 163
Suppose 53*c - 184231 = -27351. List the prime factors of c.
2, 5, 37
Let h(y) be the second derivative of -17*y - 1/20*y**5 + 7/12*y**4 + 0 + 5/2*y**2 + 13/6*y**3. List the prime factors of h(7).
2, 3
Let f(r) = 20*r**2 + 24*r + 97. Let v(j) = -10*j**2. Let b be v(1). What are the prime factors of f(b)?
3, 619
What are the prime factors of (-12669)/(-1) - (-12)/24*10?
2, 6337
Suppose -93*p + 96*p - 2*u = 18741, 5*p = 4*u + 31239. What are the prime factors of p?
3, 2081
Let w(b) = 4583*b + 459. List the prime factors of w(4).
19, 23, 43
Let v(s) be the second derivative of -2*s**3/3 + 49*s**2/2 + 135*s. What are the prime factors of v(-11)?
3, 31
Let m be (22/(-33))/((-4)/(-18))*-3. Suppose m*k - 46 = 44. Suppose -2*t = -k, 5*j - 205 = -t - 30. List the prime factors of j.
2, 17
Suppose 26*c - 180279 = 15*c. What are the prime factors of c?
3, 607
Let d(n) = -10*n + 40. Let u be d(4). Suppose u = -8*o + 1457 + 4743. What are the prime factors of o?
5, 31
Let s be (-18)/12*30/(-9) - 3. Suppose -5*o - 502 = -5*r + 118, s*o - 228 = -2*r. What are the prime factors of r?
7, 17
Let f = 2242 + -1201. Suppose -27*v - f = -30*v. What are the prime factors of v?
347
Let h(w) = -10*w**2 + 388*w + 90. Let f(y) = 15*y**2 - 582*y - 135. Let x(u) = 5*f(u) + 8*h(u). List the prime factors of x(38).
197
Let f(t) be the third derivative of -t**5/60 + t**4/12 - 28*t**3 - 36*t**2. Let n be f(0). What are the prime factors of (-18)/(-21)*n/(-9)?
2
Suppose -389*w = -376*w - 68432. What are the prime factors of w?
2, 7, 47
Let d(b) = -2*b**3 + 3*b**2 + 15*b - 43. List the prime factors of d(-14).
3, 647
Let n(g) = -2*g - 30. Let u(y) = y + 1. Let h(x) = n(x) + 4*u(x). Let w be h(11). List the prime factors of 1*(-4)/(-8)*(182 + w).
89
Suppose -67*y - 3*v = -68*y + 7680, -2*y = 5*v - 15360. What are the prime factors of y?
2, 3, 5
Let z(x) = -4*x - 12. Let o be z(14). What are the prime factors of 2/(-8)*o*61?
17, 61
Let g = 166 - 188. List the prime factors of -3 - (g/(-99) + 83/(-9)).
2, 3
Let d = 326 + -1794. Let w = d + 2105. List the prime factors of w.
7, 13
Suppose -3*c - 235 = 14*h - 15*h, -2*c + 912 = 4*h. List the prime factors of h.
229
Let h(m) = -2258*m**3 - 21*m**2 - 23*m - 4. List the prime factors of h(-1).
2, 3, 47
Suppose -49*c + 94*c - 169605 = 0. What are the prime factors of c?
3769
Let q(j) be the third derivative of 17*j**4/8 - j**3/2 + 2*j**2. Let d be (-1)/(1 - -1 - (-6 + 9)). What are the prime factors of q(d)?
2, 3
Let i(o) = 29*o**3 - 2*o**2 + 4*o - 3. Suppose -5*u + 5 = -2*z, 4*z = 2*z. Let m be i(u). What are the prime factors of 1 + 7/(m/(-6))*-4?
7
List the prime factors of (-2)/15 + (-9 - 438977/(-15)).
2, 3, 23, 53
Suppose 8*c = 4*c + 40. Let a(i) be the second derivative of -i**5/20 + 5*i**4/6 + 4*i**3/3 - 2*i**2 + 3*i. List the prime factors of a(c).
2, 19
Let f = -338 + 357. Let q(m) = -m**3 + 20*m**2 + 3*m + 35. What are the prime factors of q(f)?
3, 151
Let k = 10053 - 3446. List the prime factors of k.
6607
Let n(a) = 90*a - 2. Suppose k + 5*j = -3*k + 8, 10 = 5*k + j. Suppose 5*f - 10 = -5*h, -3*f - 2*h + 7 = k. List the prime factors of n(f).
2, 11
Let d(m) = -m**2 + 15*m - 8. Let t be d(15). List the prime factors of 16352/48 + t/(-6).
2, 3, 19
Let c(d) = -d**2. Let l(x) = -4*x**2 - 8*x + 22. Let r(s) = -5*c(s) + l(s). Let g be r(9). Suppose 29*k + 68 = g*k. List the prime factors of k.
2, 17
Suppose 3*k + 284 - 1988 = 0. Let c = k + -298. Suppose -7*d = -157 - c. List the prime factors of d.
61
Let y(d) = 14*d**3 + d**2 + 3*d + 7. Let b be y(-3). What are the prime factors of 1/((21/b)/(-3))?
53
Let o(k) = -9*k + 52. Let h(i) = 3*i - 17. Let s(y) = 14*h(y) + 4*o(y). Let w be s(6). Suppose 7*j - 54 = w*j. List the prime factors of j.
2, 3
Suppose -3*x + 8 = -j, 2*x = 7*x + 5*j - 20. What are the prime factors of (-90 - (1 + x))*(-9)/2?
3, 47
Suppose 3*w - 12 = -2*r - 176, -w = 2. Let c = r - -953. List the prime factors of c.
2, 19, 23
Suppose 41*w = 46*w + 2*l - 2366, -2*w + 2*l + 952 = 0. What are the prime factors of w?
2, 3, 79
Let h(c) = -4*c**2 - 87*c - 84. Let i be h(-17). Let a = 66 - -15. Let l = i - a. List the prime factors of l.
2, 79
Let s be (28/(-56))/((-2)/(-1144)). Suppose 3*d - 2*d = -141. Let p = d - s. What are the prime factors of p?
5, 29
Let h(g) = g**3 - 19*g**2 + 48*g - 6. Let a be h(16). What are the prime factors of 33/a*(-16)/44 - -415?
3, 139
